r of x and 204?
12
Suppose 140*p = -105*p + 219520. Calculate the highest common factor of 280 and p.
56
Let c = -14 + 74. Let w(a) = 217*a + 39948. Let o be w(-184). Calculate the greatest common factor of o and c.
20
Let y(a) = 3*a + 4*a - 1 + 21*a. Let s be y(1). Let c = 662 - 659. Calculate the greatest common divisor of s and c.
3
Let z = -205 + 324. Let m = -22 + 22. Suppose -2*q - 4*v + 14 = 0, 4*v + m*v + 37 = q. What is the greatest common factor of q and z?
17
Suppose 5*s - 650 = -0*s. Suppose 12*m = 10*m + s. What is the greatest common factor of m and 52?
13
Let l be 4130/(-98) + 2/14. Let a = -36 - l. Let i be (a/10)/(24/1320). Calculate the highest common divisor of i and 22.
11
Suppose 4*k - 16 = 0, 2*g - 3*k - 1250 = -5*k. Calculate the highest common factor of g and 115.
23
Suppose -57 = -5*h - 4*g, 12 = 2*h - 0*h - 2*g. Let c = -363 - -372. Calculate the highest common divisor of c and h.
9
Suppose 0 = -4*m + 3*m - 3*m. Suppose -360 = -4*k - m*k. Let h = -1 + 19. Calculate the highest common divisor of k and h.
18
Suppose -216 = 4*x - 900. Let q = x + -168. Calculate the greatest common factor of 51 and q.
3
Let c = 1897 - 1670. What is the greatest common divisor of 13620 and c?
227
Let c(s) = -11*s + 8 - 2*s**3 + 3*s + 20*s - 9*s**2. Let m be c(-6). Let g = -4 + m. Calculate the highest common factor of g and 360.
40
Suppose k - 3*k = 5*z - 267, -213 = -4*z - k. Let p = z + -33. Suppose -3*s = -2*s - p. What is the greatest common factor of 4 and s?
4
Suppose 5*f - 72 = -3*t, t - 9*f - 24 = -6*f. Calculate the highest common factor of t and 300.
12
Let x = 10264 - 10187. What is the greatest common factor of x and 19789?
77
Let c be 3 - 6/(-4 - -10). Let l = -98 - -133. What is the greatest common factor of l and c?
1
Suppose 86*d - 67*d - 3078 = 0. Let s = 100 + -62. Let m = s + d. What is the greatest common factor of 25 and m?
25
Suppose f - 4 = 0, 5*n - f - 27 + 21 = 0. Suppose 8 = -3*d - 4*j, -3*d = n*d + 3*j - 5. Calculate the greatest common factor of 204 and d.
4
Let s(g) = g**2 - 7*g - 300. Let u be s(0). Let p = 303 + u. Let r(q) = -q**3 + 5*q**2 + 2*q. Let z be r(4). What is the highest common divisor of p and z?
3
Suppose 0 = 2362*d - 2338*d - 28512. Calculate the greatest common divisor of d and 1458.
54
Let j(a) be the third derivative of 61*a**5/60 - 7*a**4/4 - 7*a**2 - 2. Let g be j(3). What is the greatest common factor of g and 47?
47
Let h be 4/(16/78) - 27/(-54). Let j(d) = -d**2 + 30*d - 198. Let i be j(h). Calculate the highest common factor of i and 25.
1
Let b(s) = s**2 - 46*s + 801. Let f be b(38). What is the greatest common divisor of 213 and f?
71
Suppose 4*i - 111 = -2*p + 43, -3*i = -5*p - 135. What is the highest common divisor of 72 and i?
8
Suppose 6*p - 2*p + 1140 = 4*v, -12*v + 3468 = 4*p. Calculate the greatest common divisor of 5256 and v.
72
Suppose -k = -2*t - 14, -4 = 4*k + 2*t - 70. Suppose -3*m = 23 - 98. Suppose -23*d = -m*d + k. What is the highest common divisor of d and 8?
8
Let t = -17 + 45. Suppose 2*v + 4*l - t = 0, -2*v + 2*l - 5*l + 28 = 0. Let x = -3 + v. Calculate the highest common factor of x and 55.
11
Let o(q) = -q**3 + 38*q**2 + 103*q - 650. Let v be o(40). Calculate the highest common divisor of 2295 and v.
135
Let t be ((2 - -12) + 1 + 80)*4. Suppose 60 = -2*g + 5*g. Calculate the greatest common divisor of g and t.
20
Let t be 80/(-56)*(-28 - 0/9). Calculate the greatest common factor of t and 135.
5
Let u = -255 - -263. Suppose m = -t - 4*m - u, 68 = 5*t - 2*m. Calculate the highest common factor of 24 and t.
12
Suppose -22*x = -26*x - 56. Let o(w) = -w - 11. Let y be o(x). Suppose -y*r - 23 = -38. What is the highest common divisor of r and 35?
5
Suppose 2*d + 2*d = 3*o - 22764, -2*d = -5*o + 37954. What is the highest common factor of o and 416?
104
Suppose 0 = 2*y - 2*p - 9 - 3, 4*y - 5*p - 21 = 0. Let b be (2 - 0)*27/(-2). Let k be 2 - (924/b - 4/(-18)). What is the greatest common factor of k and y?
9
Let t = 2162 + -534. What is the greatest common factor of 44 and t?
44
Let w(h) = 3*h**2 + 47*h - 4. Suppose 10*n - 141 = 119. Let y be n/8*-5 - 18/(-72). Let p be w(y). What is the greatest common factor of p and 12?
12
Suppose -80 = -2*h - 70. Suppose -d = -r - h*d + 51, -4*r = -4*d - 184. Suppose 2*u + r = 5*p - 31, 2*p + u = 24. What is the highest common factor of 70 and p?
14
Suppose -f + 4387 = -2*s, 0 = 5*f - 5*s - 19161 - 2789. What is the highest common factor of f and 23?
23
Suppose -5*h = -764 + 119. Suppose -2*r + h = 33. Calculate the highest common divisor of 60 and r.
12
Let z = -85 + 123. Suppose 0 = 3*w + 3*w - 18. Suppose 0 = 3*o, -w*o - 2*o + 57 = h. What is the highest common divisor of z and h?
19
Let f = -783 + 923. Let l(k) = k**2 - 4*k + 9. Let o be l(5). Calculate the greatest common factor of o and f.
14
Suppose -3*m - 15 = 0, -4*n + m = n - 50. Let d be 9/(-3)*((-33)/n + 1). Suppose -d = -3*k + 748. Calculate the highest common divisor of 28 and k.
28
Let g(a) be the second derivative of a**5/20 + 5*a**4/4 + 7*a**3/3 + 25*a**2/2 + 33*a. Let w be g(-14). What is the highest common divisor of 25 and w?
25
Suppose -2*x - 2*d - 2*d = -84, 5*x - 224 = -3*d. Let k = -427 - -726. Calculate the greatest common factor of x and k.
23
Let q be (-1 - 0)*41*-11. Suppose 1138*p - 574*p - 582*p + 3744 = 0. Let o = q - p. Calculate the greatest common divisor of 27 and o.
27
Let s be -4 + 11 + (-2 - 1). Suppose 4*k = -2*a + 28, -7 = -a - s*k + 1. Let b = 412 + -397. What is the greatest common divisor of a and b?
5
Let c be 3*4/(-84) - ((-4264)/56 - 11). What is the greatest common divisor of 5829 and c?
87
Let q be 304/1*(-187)/(-748). What is the greatest common factor of q and 2?
2
Let i(r) = 13*r**2 - 8*r - 5. Let s be i(-5). Let u = -1871 - -1883. What is the greatest common divisor of u and s?
12
Let n = -9357 - -9469. Calculate the highest common divisor of n and 3584.
112
Let s = -3 - -10. Let d(c) = s*c + c**3 + 9*c + 0*c**2 + 16 + 18*c**2. Let g be d(-17). What is the highest common divisor of 33 and g?
33
Let j be (-10)/3*(3672/80)/(18/(-48)). What is the highest common factor of j and 51?
51
Let j be (-308)/(-44) - 711/(-9). What is the greatest common factor of 3483 and j?
43
Let t be (1 + 1 + 0)/((-46)/(-184)). Suppose -a - t*u = -11*u - 80, 329 = 4*a - 3*u. Calculate the greatest common divisor of 498 and a.
83
Suppose 3*n = -i + 14267, -3*i + 97*n + 42745 = 98*n. What is the greatest common factor of 34 and i?
34
Suppose -97*z = 329*z - 3191166. What is the greatest common divisor of z and 66?
33
Let m = -66 - -63. Let c be (m + 0)*(-200)/6. Calculate the highest common divisor of c and 75.
25
Let w = -67 + 81. Suppose 6*z + 560 = w*z. Calculate the highest common divisor of z and 10.
10
Let x(p) = -25*p + 7. Let m be x(-1). Let j(k) = 37*k - 7. Let b be j(-9). Let f = 692 + b. What is the greatest common divisor of m and f?
32
Let p(r) = 3*r**2 - 39*r + 36. Let f be p(17). Let a be f + 7 + 3 + -8. What is the highest common divisor of 44 and a?
22
Suppose 0 = 32*q - 3755 - 853. Let t(z) = -z**3 - 3*z**2 + 192. Let o be t(0). Calculate the highest common factor of o and q.
48
Let m(a) = 75*a**2 + 217*a + 6. Let v be m(-3). Calculate the greatest common factor of v and 1470.
30
Let z(x) = 5*x - 45. Let b be z(15). Let d = 1112 + -1106. What is the greatest common divisor of b and d?
6
Suppose -2*t = -10, -5*b + 55 + 10 = 3*t. Let k be -2 + b/2 + 2. Suppose -81 + k = -4*f. What is the highest common divisor of f and 171?
19
Let b(l) = -9 - 6 + 4*l**2 - 3*l**2 - 12 + 3*l**2 + 7*l. Let d be b(5). Calculate the greatest common divisor of d and 12.
12
Let t = 62 - 20. Let q = -19306 + 19978. What is the greatest common factor of t and q?
42
Let f = -189 + 193. Let p be f + 1 - (-7 - -5 - 6). What is the greatest common factor of 169 and p?
13
Suppose -399 = -3*v - 0*v. Let l = -2441 + 2448. Calculate the highest common factor of l and v.
7
Suppose 4*c - y = 86985, 4*c + y - 87003 = -4*y. Calculate the highest common divisor of 33 and c.
33
Suppose 15*r - 10121 - 13399 = 0. Calculate the highest common divisor of 16 and r.
16
Let z be 309 + -231 - (5 + 1). Calculate the highest common divisor of 1632 and z.
24
Suppose -2 = -g, -5*s + 